.
-44
-2 + 43 + -9 + -13
19
Evaluate 0 + 5 - ((8 - 1) + -113 + 124 - 15).
2
What is 7 + 1 + 8 + (-10 - 19) - -11?
-2
What is the value of 138 + -257 + 166 - -73?
120
Evaluate -23 + 39 + -10 + -51 + (6 - -1).
-38
(-1 - -1 - -25) + 3227 + -3229
23
5 - ((6 - 45) + (-19 - -36))
27
What is 91 + -15 + 21 - (1 - -28)?
68
Evaluate -4 - -3 - 33 - (15 + -15 + -15 + 7).
-26
Evaluate -8 + 0 - (-51 - (5 + -14)).
34
Evaluate -10 - -99 - (288 + -236).
37
3 + -7 + (-19 - -12) + 3 + -26 + -1
-35
(1 - -25) + (27 - (-43 - -105))
-9
0 + (-51 - 34 - -4) - (0 - -2 - -5)
-88
What is -9096 + 9058 - (2 + -75)?
35
Evaluate -87 + 85 + 32 - (-1 + 35).
-4
What is the value of (1 + 16 - 34) + (-108 - -13) + 9?
-103
What is -80 + 30 + (96 - 105)?
-59
Evaluate (-12 - -1) + 0 + -206 + -151 + 359.
-9
(5 - 0 - (-8 - -14) - -84) + -701 + 687
69
What is the value of -84 - ((-35 - -27) + -14)?
-62
Calculate (67 - 5 - -1) + -15 + (9 - 7) + 2.
52
Evaluate -16 + (-32 - -7) - -35.
-6
Calculate 143 - 94 - -51 - 43.
57
Evaluate -61 - (-19 - 20) - (-10 - (101 + 4)).
93
Calculate 51 + (-6 + -12 + -14 - -21).
40
(-65 - 3) + (360 - 341)
-49
-3 - -5 - ((11 - -12) + -31) - 52
-42
Calculate 17 + (12 - (2 + 68)).
-41
What is the value of -75 + 33 + 37 + -46?
-51
What is the value of -3 + (1 + 97 - 53)?
42
Calculate 2 + -1 + (145 - 139 - (3 - -12)) - 44.
-52
What is -34 + -1 - (-157 - -239 - 172)?
55
What is the value of 8 + -6 + (18 - 3) + (158 - 71)?
104
Calculate -73 + 50 + -29 + 53.
1
What is the value of 3 + (57 - 1) - (-26 - 1 - (-328 - -290))?
48
What is (0 - ((10 + -5 - 5) + 6 - 1)) + -24?
-29
What is (-65 - -60) + (-7 - (-1 + -3))?
-8
Calculate -55 - (-33 + -6) - (-3 - -3).
-16
3 - (-2 + 32) - (-85 + 48 + 35)
-25
Evaluate -7 + (30 - 21 - (5 + -1)) + -8 + 9.
-1
96 - -3 - 5 - (814 - 833)
113
Evaluate 2 + (1 + 2 - 2) - (31982 + -32030).
51
What is -7 - ((-3 - -10) + -4 + 10 - (-83 - -17))?
-86
What is the value of 12 + -20 - (4 - (8 + -8) - 109)?
97
(605 - 604) + (0 - (2 - 5))
4
2 - 5 - ((14 - (-5 - (13 - 29))) + -72)
66
Calculate 10 - -17 - 39 - 9.
-21
What is the value of -15 - (1 + (10 - (-6 - (-1 - 14))))?
-17
-33 + 2 + (51 - 9 - 16 - 18)
-23
Evaluate 7 + (16 - (-10 - -7)) + -25.
1
-38 + (38 - (25 + -6)) + 0 - -163
144
-5 - ((-134 - -25) + (6 - (-1 + -17)))
80
(141 - 79) + 96 - 98
60
33 - (70 + 56 + 2)
-95
What is the value of -3 + (9 - 9 - -60) + -19?
38
What is (7 - 6) + -10 + (41 - -6)?
38
7 - 9 - (-397 - -343 - ((-3 - -3) + -18))
34
Evaluate -30 + 56 + (2 - -117).
145
What is 21 - -3 - (26 - (28 - (38 + -17)))?
5
Calculate -98 + (-51 + 125 - 20).
-44
Calculate (-70 - -100) + 73 + -46.
57
What is the value of -4 + -7 - ((-24 - -59) + -2 + -1)?
-43
(-6 - ((-9 - -15 - -7) + 0 - -2)) + -10
-31
What is the value of 10 + -4 + -7 + 7 + -12 - (-2 + 46)?
-50
Calculate -144 + (92 - -13) - (-30 + 0).
-9
What is (-4 - 2) + (-3465 - -3548)?
77
What is the value of (32 - (30 - 46)) + (-1 + -5 - -5) + 2?
49
Evaluate (0 + -19 - (713 + -749)) + -60.
-43
Evaluate 1 + 118 + -12 + 0 + (97 - 105) + 28.
127
What is -15 + -4 + 10 + -9 + -16 + -17 + 1?
-50
Calculate (1 - 0) + -1 + -9 - (164 - (-87 + 233)).
-27
What is the value of 44 - (-49 + -6 + 67)?
32
-89 + ((-10 - -12) + -13 + 21 - (13 + -3))
-89
(-7341 - -7327) + (-2 - -2 - 115 - (3 + -2))
-130
What is the value of 22 + (-23 - -38 - 20) + -7?
10
Calculate -140 + 80 + (-3 - (9 - (2 + 3))).
-67
What is 24 + -69 + -13 + -1 + -13 + 9?
-63
(-13 - 0) + (75 - 154) + 53
-39
Calculate -66 + (15 - (-16 - (10 - 17) - -15)).
-57
What is the value of 0 + (-68 - 3) - (2682 + -2684)?
-69
Evaluate 9 - (139 - (18 - 1) - 13).
-100
Calculate -22 + 136 + (10 - 1) + (33 - 49).
107
Evaluate -18 - (-112 + 21 + 34).
39
100 + -98 - (-20 - 1) - -29 - -19
71
Evaluate 7 - (-4 + (5 - -2) - 13).
17
124 + (57 + -6 - 61)
114
Calculate (-79 - -141) + 14 + -4 + -2.
70
-48 - (5 + -39) - -20
6
Evaluate (-39 - -6) + 21 - -39.
27
What is the value of -69 - -6 - ((18 - 14) + -25 + 39)?
-81
What is (26 - 12) + (-19 - (16 + -4)) + 129?
112
What is the value of (-5 - -4 - 4) + (-49 - -56 - (-1 + -30))?
33
Calculate (-48 - 0) + (2 - (-8 + 1)) + -368 + 355.
-52
What is the value of -25 + (39 - 67) - -44?
-9
Calculate -66 + -3 + 27 + (25 + -15 - 22).
-54
-25 + 26 + (20 - 23 - 2)
-4
What is -108 + 89 + (18 - 10)?
-11
523 + -552 + 3 + -5 + 6
-25
Calculate (4 - 17) + (244 - 315).
-84
53 - (-21 + 1 - (-44 - (15 + -41)))
55
Calculate (-11 + 31 + 2 - (120 - 6)) + -23.
-115
What is 26 + -5 + 5 + (2 - -5)?
33
What is 1 + -27 - -2 - (1604 + -1616)?
-12
Evaluate 2 - (8 + 13) - (-11 - -7 - -5 - -5).
-25
Calculate -59 + 58 + 55 - 22.
32
What is 42 + -40 + 23 - 44?
-19
(12 - (12 - 22) - 13) + 1 + 34
44
Calculate (0 - (-1 + -1)) + -7 + (-2 - 22) + -8.
-37
What is -1 + -46 + 544 + -478?
19
Calculate 8 + (-11 - -10) + 23 + -5 + (5 - 3).
27
Calculate (6 - 34 - -58) + -27 - -95 - (14 + 1).
83
What is the value of -4 + -18 - ((3 - 9) + (-16 - -23))?
-23
What is the value of -177 + 142 - (9 + -3 + -24)?
-17
Evaluate (-4 - 45) + 23 + 2 + 79.
55
4 - 1 - (-41 - -10 - (68 + -9))
93
What is 27 - (-3 - -2) - (-105 - (-93 + 0))?
40
What is -487 + 364 - (10 + -51)?
-82
What is the value of -8 + -33 + (63 - -9 - 1)?
30
-17 + (153 - 94) + -4
38
Evaluate (70 - 65) + -17 + (5 - 0) + -5.
-12
-110 - (8 - 9 - (0 + 4 - (-10 - -8)))
-103
31 + -11 - (8 + -5)
17
What is the value of 11 + (-1337 + 1326 - (-1 + -2 - -107 - 1))?
-103
What is the value of 15 + -24 - (-2 - 1) - (0 - 6) - -5?
5
Evaluate 11 + -8 + (50 - 51) + -31 + 2.
-27
Calculate 4 + (-2 - -4) + (3 + 0 - 4) - 1.
4
Calculate -675 + 666 - (0 + 5 - (-71 + 17)).
-68
Calculate -27 + (19 - 19) + 17 - -10.
0
What is -41 - (-104 + (-10 - 18) + -28)?
119
What is the value of (-9 - -2) + 430 + -416?
7
Calculate (-6 - -1 - -63) + 22 + 2 + 12 + -21.
73
33 + (23 - (22 - (21 + -13)))
42
Evaluate -2 + -42 - (-9 + 14 - -8 - 12).
-45
Evaluate -44 - (-78 - (-32 - -24)).
26
205 - 148 - (7 - -1)
49
What is -9 + (-315 - -330 - (1 + 19)) + (3 - 93)?
-104
55 + 22 + (-136 - -25)
-34
1496 + -1627 - (-1 - 24) - -19
-87
Evaluate (50 - 59) + 2 + (-1 - 4) + 60.
48
What is -88 + 0 + (16 + -22 - (-16 + 9)) + -13?
-100
What is 61 + -116 + 1 + -3?
-57
What is 6 + 14 + (1 - 6) - (-48 + 32 + -15)?
46
Calculate -17 + -39 + (-1 - 19) + 40 - (1 + -10).
-27
Calculate -97 - (-3 - 2) - -7 - -12 - 5 - 13.
-91
Calculate -21 + 18 - ((-118 - -126) + (2 - 52)).
39
50 + (19 - (-39 + 85))
23
Calculate 320 + -349 + (1 + 2 + -3 - -9).
-20
11 + (-8 - 7) - -6 - (-7 + -120)
129
What is the value of 20 + 21 + (18 - 23)?
36
Calculate -4 + -38 + 2 + 9 + (-5 - 5).
-41
Evaluate (-16 - -9) + (-38 - (14 + -19)).
-40
(-5 - -72) + -36 + 50 + -16
65
Evaluate (16 - -7 - 19) + 10.
14
33 + (-10 - 44) + -1
-22
What is the value of 7 + 9 + 115 - (-137 + 164)?
104
What is (1 + -3 - 0) + -5 + 177 + -685 + 401?
-114
Evaluate (-14 - (25 + -39)) + -47.
-47
What is (0 + 53 - 1) + 193 + -391 + 187?
41
1 + 4 - (1986 + -2003)
22
6 - (0 + 1) - 0 - (-110 + (16 - -42))
57
Evaluate 43 + (39 - (34 + 34)).
14
Evaluate -2 - (-79 + 48) - 17.
12
Evaluate (57 - 92) + 8 + 24 + 22.
19
What is the value of -141 - (-79 + -29) - -115?
82
Calculate ((-35 - -17) + 33 - (1 - -15)) + 42.
41
Evaluate (-4 - (1 + 0)) + 4032 + -4030.
-3
Calculate -9 + (-14 + -38 - -20) + 3 + (-4 - 3).
-45
What is -3 + (8 - (37 - 17) - -30) + -68?
-53
Calculate ((17 - -2) + -31 - -3) + -5.
-14
-3 - 6 - (-24 - 1 - (-44 + 34))
6
-17 - (34 + 3) - -56
2
What is 35 - (-1 + -2 + 5 + (-15 - -10))?
38
Evaluate 28 + (-7 - -2) + (10 - -56).
89
Evaluate -76 + 66 - (1 + (1 - 27)) - 13.
2
39 + 50 + (69 + -85 - (-11 - -1))
83
Calculate -62 + (-21 - -89) + -150.
-144
Calculate -71 + (-99 - (52 - 114)).
-108
What is -13 - (12 - 10) - -7 - 0 - -5?
-3
Evaluate -79 + 22 + 59 - (-39 + (-2 - (-1 + -1))).
41
Evaluate -96 + 96 + (-6 - -65 - (-3 + 6)).
56
131 - ((88 - (48 + -23)) + -28)
96
What is 45 - -45 - (63 - -24)?
3
Calculate 9 + (-1 - (38 + -18)) - 28.
-40
What is the value of 7 + (3 - 5 - (-21 - -10)) + -40?
-24
Calculate -13 + (-7 - (-17 + 4)) + 9 + -9 + 3.
-4
Calculate (5 - -2 - 11 - -2) + 9 + -13 + -8.
-14
What is ((-11 - -3) + 1 - (5 + 28)) + 17?
-23
Evaluate -8 + -43 + -3 + -16 + 75.
5
-9 + (67 - 23) + 20
55
Evaluate (-35 - (12 + 0 + -3 - 17)) + -12.
-39
(-571 - -597) + (-7 - (-4 - -3)) - (1